w(48).
14
Let a(s) = 28*s + 294. Determine a(-10).
14
Let p(v) = -42*v + 67. Give p(0).
67
Let r(g) = 172*g + 37. Give r(-2).
-307
Let y(p) = -77*p - 11324. What is y(-147)?
-5
Let g(k) = -220*k + 732. Calculate g(7).
-808
Let q(l) = l**3 + 9*l**2 - 18*l - 5. Determine q(-8).
203
Let q(r) = r**2 + 26*r + 125. Calculate q(-20).
5
Let a(i) = -107*i - 6584. Give a(-62).
50
Let c(a) = -2*a**3 + 17*a**2 - 14*a - 12. What is c(6)?
84
Let g(x) = x**2 - 28*x + 137. Calculate g(20).
-23
Let p(b) = 141*b + 2533. Determine p(-18).
-5
Let j(u) = -u**3 + 103*u**2. What is j(103)?
0
Let v(m) = -m**3 - 61*m**2 - 6*m - 401. Give v(-61).
-35
Let w(i) = 84*i**2 - 1428*i - 14. What is w(17)?
-14
Let m(z) = 2*z**3 + 19*z**2 + 152*z + 1913. What is m(-11)?
-122
Let z(q) = -13*q**2 - 10*q - 101. Give z(-4).
-269
Let v(m) = 13*m**3 + 5*m - 1. Give v(2).
113
Let t(y) = 471*y - 5177. Determine t(11).
4
Let u(b) = 473*b + 3773. Calculate u(-8).
-11
Let j(m) = -71*m + 823. Give j(12).
-29
Let t(n) = -3*n**2 - 23*n + 23. What is t(-8)?
15
Let c(t) = 106*t**2 + 224*t + 33. Calculate c(-2).
9
Let w(i) = 7*i**3 + 121*i**2 - 382*i - 34. What is w(-20)?
6
Let r(h) = -446*h - 4453. Calculate r(-10).
7
Let b(d) = -2*d**2 - 28*d + 656. Calculate b(20).
-704
Let w(j) = j**3 + 29*j**2 - 68*j + 7. What is w(-31)?
193
Let n(w) = 13*w**3 - 2*w**2 - 2*w. Determine n(-1).
-13
Let n(o) = -7*o**3 - 820*o**2 - 107*o + 1167. Calculate n(-117).
-3
Let i(r) = -51*r**2 - 154*r + 5. Calculate i(-3).
8
Let h(b) = -2*b**3 + 10*b**2 + 43*b - 15. Determine h(6).
171
Let n(v) = -31*v**2 + 655*v + 583. Determine n(22).
-11
Let c(d) = -68*d + 639. Calculate c(13).
-245
Let l(b) = 20*b**2 - 158*b + 5. Determine l(8).
21
Let x(g) = 2*g**2 + 151*g - 1879. Determine x(11).
24
Let m(s) = -82*s - 3009. Determine m(-35).
-139
Let a(u) = 86*u**2 + 787*u - 9. Determine a(-9).
-126
Let p(h) = 125*h - 3152. Give p(24).
-152
Let k(b) = -18*b**3 - 2*b**2 + 7*b + 8. Determine k(-1).
17
Let j(z) = z**2 + 6*z - 616. Give j(23).
51
Let z(f) = -159*f + 1533. Calculate z(10).
-57
Let q(d) = -d**3 + 65*d**2 + 11. Give q(65).
11
Let f(n) = -302*n - 6305. Give f(-21).
37
Let f(d) = d**2 - 92*d + 1151. What is f(15)?
-4
Let t(a) = -3*a**2 - 302*a - 1497. Calculate t(-5).
-62
Let g(a) = 22*a - 240. Give g(8).
-64
Let x(l) = -5*l - 477. What is x(-95)?
-2
Let g(f) = -4*f**2 + 101*f - 166. Determine g(23).
41
Let j(z) = 247*z + 81016. Calculate j(-328).
0
Let o(s) = -s**3 + 40*s**2 + 3201*s - 76. What is o(80)?
4
Let x(o) = 14*o - 719. Determine x(51).
-5
Let z(u) = u**2 + 119*u - 24181. Calculate z(107).
1
Let m(h) = 2*h**3 - 18*h**2 + 205*h - 1259. Calculate m(7).
-20
Let x(k) = 8*k**2 + 127*k - 28. Give x(-16).
-12
Let y(q) = -3*q**3 + 152*q**2 - 99*q - 48. Determine y(50).
2
Let h(i) = i**3 + 22*i**2 + 11*i - 223. Determine h(-21).
-13
Let s(q) = -q**3 - 27*q**2 - 189*q - 106. What is s(-12)?
2
Let w(j) = -2*j**2 - 544*j + 541. What is w(1)?
-5
Let w(z) = 26*z - 905. Give w(37).
57
Let s(x) = 7*x**2 - 77*x - 1. What is s(11)?
-1
Let p(b) = -5*b**3 + 22*b**2 + 8*b - 99. What is p(5)?
-134
Let h(g) = -11*g**2 - 77*g - 58. Give h(-6).
8
Let w(h) = -h**3 - 5*h**2 - 6*h - 20. What is w(-6)?
52
Let o(q) = -7*q**2 - 3*q - 1. Give o(-5).
-161
Let q(y) = y**2 - 28*y - 53. Determine q(33).
112
Let u(w) = 23*w - 1032. Give u(45).
3
Let a(d) = d**3 + 9*d**2 - 21*d - 212. Give a(-6).
22
Let s(x) = x**3 - 6*x**2 + 8*x - 43. Give s(6).
5
Let j(s) = -s**2 + 79*s - 1493. Determine j(48).
-5
Let m(q) = -5*q**3 - 303*q**2 + 129*q + 67. Give m(-61).
-360
Let p(o) = 7*o**2 - 28*o - 34. Determine p(5).
1
Let d(t) = -7*t - 24. Determine d(-12).
60
Let u(r) = 4*r**2 - 334*r + 956. Give u(3).
-10
Let y(q) = 2*q**2 - 8*q - 129. Give y(11).
25
Let b(h) = h**2 + 7*h + 6. Calculate b(-5).
-4
Let w(u) = -u**2 + 1063*u + 11810. What is w(-11)?
-4
Let i(r) = 39*r**2 - 51*r - 200. Calculate i(-5).
1030
Let s(j) = 2*j**3 - 72*j**2 - 13*j + 469. Calculate s(36).
1
Let q(f) = 1245*f + 888. Calculate q(-1).
-357
Let r(f) = -f**3 + 18*f**2 - 27*f - 72. Give r(16).
8
Let s(j) = 98*j + 1579. Calculate s(-16).
11
Let x(u) = u**3 + 11*u**2 + 23*u - 2. Determine x(-8).
6
Let c(h) = -298*h - 7453. Calculate c(-25).
-3
Let k(z) = -2*z**2 - 4*z + 514. Give k(-17).
4
Let j(s) = 5*s + 125. Calculate j(-37).
-60
Let w(r) = -235*r + 1254. Give w(3).
549
Let p(k) = 173*k - 653. Determine p(4).
39
Let o(j) = 2*j**3 - 10*j**2 - 8*j + 37. Determine o(5).
-3
Let l(w) = -14*w**3 + 23*w**2 - 6*w + 9. Give l(2).
-23
Let b(v) = -v**2 - 32*v + 323. Calculate b(-40).
3
Let i(b) = b**2 + 27*b - 73. What is i(-14)?
-255
Let i(h) = h**3 - 5*h**2 + 46*h - 298. What is i(8)?
262
Let r(o) = -23*o + 282. Give r(7).
121
Let j(p) = p**2 + 121*p - 7063. What is j(43)?
-11
Let m(j) = -3*j**2 - 54*j + 115. Calculate m(2).
-5
Let n(s) = 14*s - 43. Calculate n(5).
27
Let a(t) = t**3 - 6*t**2 + 23*t - 59. Calculate a(4).
1
Let g(d) = -d**3 - 150*d**2 - 165*d - 2378. Determine g(-149).
6
Let y(z) = -344*z + 54719. Determine y(159).
23
Let o(c) = -21*c - 453. Determine o(-22).
9
Let y(a) = a**3 + 2*a**2 - 12*a - 15. Give y(-4).
1
Let m(k) = 43*k + 372. Give m(-8).
28
Let y(j) = 3*j**2 + 50*j - 221. Give y(-27).
616
Let n(o) = -3*o**3 - 16*o**2 + 57*o + 173. What is n(-7)?
19
Let a(x) = -x**2 + 25*x + 649. Give a(-16).
-7
Let v(d) = 3*d**2 - 11*d - 147. Give v(11).
95
Let s(z) = -5*z**2 + 21*z + 197. Give s(-9).
-397
Let l(u) = 569*u - 11952. Calculate l(21).
-3
Let v(w) = -2*w**2 + 42*w + 4694. Calculate v(-39).
14
Let w(q) = -q**3 - 16*q**2 + 295*q + 4737. Determine w(-16).
17
Let i(o) = -o**2 + 30*o - 134. Determine i(24).
10
Let y(v) = 80*v + 2172. What is y(-27)?
12
Let h(z) = -z**2 - 40*z - 122. Give h(-3).
-11
Let b(h) = h**3 + 20*h**2 + 72*h - 11. Determine b(-5).
4
Let p(h) = -3*h**3 + 43*h**2 + 26*h + 22. Calculate p(15).
-38
Let c(u) = -3*u**3 - 40*u**2 + 163. Calculate c(-13).
-6
Let u(x) = -x**3 + 4*x**2 - x + 86. What is u(6)?
8
Let g(a) = -27*a**2 + 179*a - 197. What is g(5)?
23
Let a(k) = k**2 + 12*k - 156. Give a(-16).
-92
Let g(l) = 4*l**3 - 3*l - 2. Calculate g(-2).
-28
Let h(c) = -157*c - 2371. Give h(-17).
298
Let m(z) = 18*z + 42. Give m(-2).
6
Let i(y) = y**3 + 24*y**2 + 303*y + 3153. Determine i(-17).
25
Let x(w) = -2*w**2 - 10*w + 242. Calculate x(-14).
-10
Let p(r) = -2*r**3 + 5*r**2 + 53*r - 24. What is p(6)?
42
Let j(r) = r**3 + 55*r**2 - 669*r - 1251. Determine j(-65).
-16
Let b(y) = 32*y - 2606. What is b(97)?
498
Let r(p) = -460*p + 286. Determine r(1).
-174
Let f(s) = 6*s**2 - 886*s - 264. Give f(148).
32
Let t(q) = q**3 + 9*q**2 - 7*q - 40. What is t(-4)?
68
Let m(p) = -15*p**2 + 176*p - 499. Give m(6).
17
Let b(a) = a**3 - 74*a**2 + 205*a + 167. Calculate b(71).
-401
Let n(m) = -136*m - 37. What is n(1)?
-173
Let r(l) = 63*l - 12. Calculate r(-5).
-327
Let x(a) = -a**2 + 66*a - 356. Give x(60).
4
Let f(m) = -m**2 + 17*m + 359. Determine f(29).
11
Let c(a) = -a**3 + 18*a**2 - 7*a + 135. Calculate c(18).
9
Let a(l) = l**3 - 5*l**2 - 3*l + 34. Give a(4).
6
Let l(a) = 703*a - 15470. What is l(22)?
-4
Let n(u) = -121*u - 2057. Determine n(-17).
0
Let x(p) = p**3 + 5*p**2 - 15*p - 54. Give x(-6).
0
Let u(a) = 76*a - 437. Calculate u(6).
19
Let o(b) = -b**2 + 9*b + 1262. What is o(-31)?
22
Let r(j) = 2*j**2 - 46*j + 32. Calculate r(22).
-12
Let o(n) = -16*n**3 + 76*n**2 - 19*n + 197. Calculate o(5).
2
Let f(j) = -118*j - 10155. Calculate f(-86).
-7
Let u(i) = -2*i**2 + i + 48. Give u(13).
-277
Let x(q) = 8*q**2 - 20*q + 33. Give x(5).
133
Let n(t) = 2*t**3 - 14*t**2 + 2*t + 4. Calculate n(6).
-56
Let r(k) = -k**2 - 20*k - 94. Give r(-7).
-3
Let b(u) = -2*u**3 - 90*u**2 + 53*u - 1726. Determine b(-46).
68
Let u(j) = 2*j**2 + 478*j + 3298. Give u(-7).
50
Let i(k) = 2505*k - 15150. Calculate i(6).
-120
Let r(s) = s**2 + 121*s - 27504. What is r(-237)?
-12
Let h(o) = 5*o**3 + 33*o**2 + 22. What is h(-7)?
-76
Let y(p) = -16332*p + 98008. Give y(6).
16
Let v(p) = p**3 - 7*p**2 + p - 16. What is v(6)?
-46
Let m(w) = 7*w**3 + 2*w**2 - 9*w - 9. Determine m(3).
171
Let h(a) = -a**3 + 16*a**2 - 4*a + 740. Determine h(18).
20
Let o(k) = k**2 + 5*k + 16. Determine o(0).
16
Let g(f) = 2289*f + 11436. What is g(-5)?
-9
Let u(y) = y**2 + 261*y + 6713. What is u(-29)?
-15
Let a(c) = 6